 a multiple of 5?
False
Is 75495 a multiple of 21?
True
Is 11513250 a multiple of 15?
True
Does 9 divide 241974?
True
Is 2347909 a multiple of 15?
False
Is 60011 a multiple of 7?
True
Is 103800 a multiple of 40?
True
Is 23 a factor of 187559?
False
Does 1172 divide 22178934?
False
Is 44 a factor of 37884?
True
Is 198774 a multiple of 138?
False
Is 241987 a multiple of 20?
False
Does 1007 divide 4628172?
True
Is 45 a factor of 4887405?
True
Does 205 divide 188600?
True
Is 657311 a multiple of 16?
False
Is 21 a factor of 596960?
False
Is 2335704 a multiple of 56?
True
Does 50 divide 194350?
True
Is 704 a factor of 14616448?
True
Is 21 a factor of 1115961?
True
Does 224 divide 288960?
True
Does 117 divide 44226?
True
Is 945 a factor of 2704479?
False
Does 84 divide 313068?
True
Does 1756 divide 9899581?
False
Does 1215 divide 2434860?
True
Is 19 a factor of 17284471?
True
Does 5 divide 78265?
True
Does 187 divide 801439?
False
Is 1135135 a multiple of 348?
False
Is 1730268 a multiple of 866?
True
Does 1250 divide 463273?
False
Is 1626276 a multiple of 59?
True
Is 15652 a multiple of 172?
True
Is 16919699 a multiple of 126?
False
Does 1328 divide 3403646?
False
Does 48 divide 3636967?
False
Does 15 divide 12765?
True
Is 77910 a multiple of 42?
True
Does 13 divide 221869?
False
Does 76 divide 1655308?
False
Is 2542641 a multiple of 34?
False
Does 277 divide 273650?
False
Is 267520 a multiple of 64?
True
Does 30 divide 60480?
True
Does 31 divide 166501?
True
Does 9 divide 301761?
True
Does 32 divide 410?
False
Does 1111 divide 18547034?
True
Is 775 a factor of 15579825?
True
Does 40 divide 1761502?
False
Is 8585137 a multiple of 511?
False
Is 14 a factor of 30814?
True
Is 671764 a multiple of 76?
True
Is 19 a factor of 9623631?
False
Is 178399 a multiple of 34?
False
Does 37 divide 61124?
True
Is 72 a factor of 2952?
True
Does 235 divide 196695?
True
Is 27 a factor of 725004?
True
Is 169316 a multiple of 106?
False
Is 406699 a multiple of 244?
False
Does 9 divide 8286133?
False
Does 13 divide 346141?
False
Is 22620000 a multiple of 181?
False
Is 6 a factor of 43212?
True
Does 51 divide 4832299?
False
Does 22 divide 1705792?
True
Is 75460 a multiple of 140?
True
Is 24271739 a multiple of 38?
False
Does 21 divide 769377?
True
Is 11 a factor of 1387628?
True
Does 1246 divide 7090986?
True
Does 462 divide 29824872?
True
Does 156 divide 8472048?
True
Is 9 a factor of 107496?
True
Is 25 a factor of 171728?
False
Is 3 a factor of 146840?
False
Is 94761 a multiple of 81?
False
Is 627 a factor of 558102?
False
Is 71 a factor of 609535?
True
Is 139986 a multiple of 231?
True
Is 669 a factor of 586308?
False
Is 335860 a multiple of 35?
True
Is 168 a factor of 3988?
False
Is 27 a factor of 148570?
False
Is 465 a factor of 3223204?
False
Is 234 a factor of 219492?
True
Is 1370417 a multiple of 11?
False
Does 19 divide 124355?
True
Is 298353 a multiple of 312?
False
Does 12 divide 21291?
False
Is 248 a factor of 18950672?
True
Is 81546 a multiple of 199?
False
Is 528080 a multiple of 56?
True
Does 10 divide 25762570?
True
Is 568985 a multiple of 221?
False
Is 717003 a multiple of 47?
False
Is 12 a factor of 3469406?
False
Does 10 divide 23631?
False
Is 61156 a multiple of 19?
False
Does 296 divide 170496?
True
Is 25 a factor of 11522?
False
Is 136521 a multiple of 58?
False
Is 80 a factor of 1535547?
False
Is 74197 a multiple of 4?
False
Does 533 divide 801402?
False
Does 104 divide 134472?
True
Is 397963 a multiple of 23?
False
Does 34 divide 73740?
False
Is 100 a factor of 782226?
False
Is 51 a factor of 36874?
False
Is 17 a factor of 86816?
False
Is 93 a factor of 136271?
False
Is 48 a factor of 1024128?
True
Does 93 divide 348378?
True
Does 8 divide 174333?
False
Is 2518810 a multiple of 10?
True
Is 464566 a multiple of 69?
False
Is 5 a factor of 2137?
False
Does 6 divide 8201160?
True
Is 31 a factor of 381460?
False
Is 23 a factor of 9012688?
True
Is 537030 a multiple of 10?
True
Is 484708 a multiple of 7?
True
Is 2 a factor of 20578?
True
Does 6 divide 53796?
True
Is 9492308 a multiple of 94?
True
Is 2628 a multiple of 12?
True
Is 83 a factor of 34548?
False
Is 1286603 a multiple of 690?
False
Is 2093 a factor of 6390949?
False
Is 12 a factor of 39748?
False
Is 2215020 a multiple of 435?
True
Is 20 a factor of 523634?
False
Is 433 a factor of 924455?
True
Is 3564924 a multiple of 478?
True
Does 102 divide 2609?
False
Does 12 divide 58435?
False
Does 22 divide 9573136?
False
Does 442 divide 2376443?
False
Is 14 a factor of 409682?
True
Is 141 a factor of 299907?
True
Is 36 a factor of 536527?
False
Does 130 divide 3011580?
True
Is 389790 a multiple of 142?
True
Does 80 divide 5460905?
False
Is 50485 a multiple of 34?
False
Does 165 divide 1247612?
False
Does 231 divide 2337572?
False
Is 416716 a multiple of 49?
False
Is 1179 a factor of 1030642?
False
Is 116340 a multiple of 140?
True
Does 28 divide 3721592?
True
Is 29 a factor of 231101?
True
Is 256122 a multiple of 153?
True
Does 19 divide 333393?
True
Does 153 divide 38556?
True
Does 496 divide 1121456?
True
Does 83 divide 701567?
False
Does 171 divide 35568?
True
Is 2 a factor of 571?
False
Does 24 divide 15793368?
True
Is 11 a factor of 185966?
True
Does 385 divide 1391386?
False
Is 194 a factor of 379076?
True
Is 622 a factor of 873715?
False
Is 208350 a multiple of 9?
True
Does 10 divide 374726?
False
Is 50554 a multiple of 314?
True
Is 341139 a multiple of 17?
True
Does 8 divide 6147930?
False
Is 30 a factor of 1099812?
False
Does 561 divide 25516682?
False
Is 1938726 a multiple of 142?
True
Is 6 a factor of 18042?
True
Is 37 a factor of 1450103?
False
Does 88 divide 164648?
True
Is 4237855 a multiple of 1439?
True
Is 553 a factor of 1713671?
False
Is 91 a factor of 1686543?
False
Does 1087 divide 5894122?
False
Is 4 a factor of 4456?
True
Does 1438 divide 1661326?
False
Is 163 a factor of 3588617?
False
Does 16 divide 67511?
False
Does 14 divide 229334?
True
Is 83815 even?
False
Is 519417 a multiple of 28?
False
Is 75763 a multiple of 317?
True
Does 15 divide 690195?
True
Is 14 a factor of 621502?
True
Is 36 a factor of 71568?
True
Is 221 a factor of 22468?
False
Is 270054 a multiple of 81?
True
Is 134064 a multiple of 98?
True
Is 209811 even?
False
Is 2027478 a multiple of 922?
True
Does 82 divide 1043614?
True
Does 327 divide 146257?
False
Does 1286 divide 380637?
False
Is 33 a factor of 93522?
True
Is 6 a factor of 134184?
True
Does 16 divide 742864?
True
Is 822494 a multiple of 289?
True
Does 430 divide 4971660?
True
Does 53 divide 6097667?
False
Does 3 divide 25941?
True
Is 9 a factor of 1601298?
True
Is 63 a factor of 367726?
False
Does 180 divide 15109920?
True
Does 300 divide 267600?
True
Is 8 a factor of 915440?
True
Is 39262 a multiple of 70?
False
Is 114 a factor of 11927547?
False
Is 111 a factor of 92463?
True
Is 31973128 a multiple of 23?
True
Is 62 a factor of 1063183?
False
Is 6903283 a multiple of 34?
False
Is 7815634 a multiple of 25?
False
Does 51 divide 391017?
True
Is 19 a factor of 158243?
False
Does 244 divide 890356?
True
Is 12 a factor of 321545?
False
Is 942 a factor of 543370?
False
Is 136 a factor of 747276?
False
Is 4 a factor of 77696?
True
Is 18198 a multiple of 27?
True
Does 219 divide 82125?
True
Is 24381877 a multiple of 1003?
False
Does 549 divide 2144329?
False
Is 52635 a multiple of 62?
False
Is 1043970 a multiple of 305?
False
Is 247 a factor of 55823?
False
Does 11 divide 91734?
False
Is 126 a factor of 9845228?
False
Is 30 a factor of 131100?
True
Does 56 divide 42989?
False
Is 7 a factor of 391919?
False
Is 331 a factor of 12174011?
False
Does 4 divide 14673?
False
Is 3308527 a multiple of 135?
False
Is 14 a factor of 508158?
True
Is 3333107 a multiple of 213?
False
Is 93 a factor of 3808071?
True
Does 650 divide 3948756?
False
Does 38 divide 30177?
False
Does 493 divide 8278863?
False
Is 40 a factor of 88600?
True
Is 469094 a multiple of 4?
False
Does 1309 divide 3941399?
True
Does 773 divide 1353523?
True
Does 29 divide 3628857?
True
Is 43656 a multiple of 102?
True
Does 80 divide 424000?
True
Is 19 a factor of 2266485?
False
Does 16 divide 22352?
True
Is 7 a factor of 29526?
True
Is 102 a factor of 5359931?
False
Is 103 a factor of 3710472?
True
Does 